{"id":39,"date":"2015-12-18T18:18:25","date_gmt":"2015-12-18T17:18:25","guid":{"rendered":"http:\/\/n.megaplywanie.pl\/?page_id=39"},"modified":"2022-08-09T20:35:05","modified_gmt":"2022-08-09T18:35:05","slug":"baseny","status":"publish","type":"page","link":"https:\/\/megaplywanie.pl\/index.php\/baseny\/","title":{"rendered":"BASENY"},"content":{"rendered":"<p style=\"text-align: justify;\"><span style=\"font-family: verdana,geneva;\"><strong>Basen Miejski<br \/>\nSiemianowice- Centrum ul. J. \u015aniadeckiego 11<br \/>\n<\/strong><\/span><\/p>\n<p><span style=\"font-family: verdana,geneva;\">&#8211; Wymiary\u00a0\u00a0\u00a0\u00a0\u00a0\u00a0\u00a0\u00a0\u00a0\u00a0\u00a0\u00a0\u00a0\u00a0\u00a0\u00a0 25 m x 9 m<\/span><br \/>\n<span style=\"font-family: verdana,geneva;\"> &#8211; G\u0142\u0119boko\u015b\u0107\u00a0\u00a0\u00a0\u00a0\u00a0\u00a0\u00a0\u00a0\u00a0\u00a0\u00a0\u00a0\u00a0\u00a0 1,1 m do 2,5 m<\/span><br \/>\n<span style=\"font-family: verdana,geneva;\"> &#8211; Ilo\u015b\u0107 tor\u00f3w\u00a0\u00a0\u00a0\u00a0\u00a0\u00a0\u00a0\u00a0\u00a0\u00a0\u00a0\u00a0\u00a0 4<\/span><br \/>\n<span style=\"font-family: verdana,geneva;\"> &#8211; Temperatura wody\u00a0\u00a0 29-30 stopni C<\/span><\/p>\n<p><img loading=\"lazy\" decoding=\"async\" class=\"alignleft size-full wp-image-545\" src=\"https:\/\/megaplywanie.pl\/wp-content\/uploads\/2018\/01\/Miejski_po_remoncie2.jpg\" alt=\"\" width=\"1200\" height=\"900\" srcset=\"https:\/\/megaplywanie.pl\/wp-content\/uploads\/2018\/01\/Miejski_po_remoncie2.jpg 1200w, https:\/\/megaplywanie.pl\/wp-content\/uploads\/2018\/01\/Miejski_po_remoncie2-300x225.jpg 300w, https:\/\/megaplywanie.pl\/wp-content\/uploads\/2018\/01\/Miejski_po_remoncie2-768x576.jpg 768w, https:\/\/megaplywanie.pl\/wp-content\/uploads\/2018\/01\/Miejski_po_remoncie2-1024x768.jpg 1024w\" sizes=\"auto, (max-width: 1200px) 100vw, 1200px\" \/><img loading=\"lazy\" decoding=\"async\" class=\"alignleft size-full wp-image-544\" src=\"https:\/\/megaplywanie.pl\/wp-content\/uploads\/2018\/01\/Miejski_po_remoncie.jpg\" alt=\"\" width=\"1200\" height=\"900\" srcset=\"https:\/\/megaplywanie.pl\/wp-content\/uploads\/2018\/01\/Miejski_po_remoncie.jpg 1200w, https:\/\/megaplywanie.pl\/wp-content\/uploads\/2018\/01\/Miejski_po_remoncie-300x225.jpg 300w, https:\/\/megaplywanie.pl\/wp-content\/uploads\/2018\/01\/Miejski_po_remoncie-768x576.jpg 768w, https:\/\/megaplywanie.pl\/wp-content\/uploads\/2018\/01\/Miejski_po_remoncie-1024x768.jpg 1024w\" sizes=\"auto, (max-width: 1200px) 100vw, 1200px\" \/><\/p>\n<p style=\"text-align: justify;\"><span style=\"font-family: verdana,geneva;\"><strong>Basen Szko\u0142y Podstawowej nr 51<br \/>\nKatowice- Giszowiec ul. Przyjazna 7a<br \/>\n<\/strong><\/span><\/p>\n<p><span style=\"font-family: verdana,geneva;\">&#8211; Wymiary\u00a0\u00a0\u00a0\u00a0\u00a0\u00a0\u00a0\u00a0\u00a0\u00a0\u00a0\u00a0\u00a0\u00a0 \u00a0 16,4 m x 8,2 m<\/span><br \/>\n<span style=\"font-family: verdana,geneva;\"> &#8211; G\u0142\u0119boko\u015b\u0107\u00a0\u00a0\u00a0\u00a0\u00a0\u00a0\u00a0\u00a0\u00a0\u00a0\u00a0\u00a0 \u00a0 1,1 m do 1,3 m<\/span><br \/>\n<span style=\"font-family: verdana,geneva;\"> &#8211; Ilo\u015b\u0107 tor\u00f3w\u00a0\u00a0\u00a0\u00a0\u00a0\u00a0\u00a0\u00a0\u00a0\u00a0\u00a0 \u00a0 4<\/span><br \/>\n<span style=\"font-family: verdana,geneva;\"> &#8211; Temperatura wody\u00a0 \u00a029- 30 stopni C<\/span><\/p>\n<p><img loading=\"lazy\" decoding=\"async\" class=\"alignleft wp-image-227 size-full\" src=\"https:\/\/megaplywanie.pl\/wp-content\/uploads\/2015\/12\/20160112_195930-3.jpg\" alt=\"\" width=\"4128\" height=\"2322\" srcset=\"https:\/\/megaplywanie.pl\/wp-content\/uploads\/2015\/12\/20160112_195930-3.jpg 4128w, https:\/\/megaplywanie.pl\/wp-content\/uploads\/2015\/12\/20160112_195930-3-300x169.jpg 300w, https:\/\/megaplywanie.pl\/wp-content\/uploads\/2015\/12\/20160112_195930-3-768x432.jpg 768w, https:\/\/megaplywanie.pl\/wp-content\/uploads\/2015\/12\/20160112_195930-3-1024x576.jpg 1024w\" sizes=\"auto, (max-width: 4128px) 100vw, 4128px\" \/> <img loading=\"lazy\" decoding=\"async\" class=\"alignleft wp-image-226 size-full\" src=\"https:\/\/megaplywanie.pl\/wp-content\/uploads\/2015\/12\/20160112_195746-2.jpg\" alt=\"\" width=\"4128\" height=\"2322\" srcset=\"https:\/\/megaplywanie.pl\/wp-content\/uploads\/2015\/12\/20160112_195746-2.jpg 4128w, https:\/\/megaplywanie.pl\/wp-content\/uploads\/2015\/12\/20160112_195746-2-300x169.jpg 300w, https:\/\/megaplywanie.pl\/wp-content\/uploads\/2015\/12\/20160112_195746-2-768x432.jpg 768w, https:\/\/megaplywanie.pl\/wp-content\/uploads\/2015\/12\/20160112_195746-2-1024x576.jpg 1024w\" sizes=\"auto, (max-width: 4128px) 100vw, 4128px\" \/><\/p>\n<p style=\"text-align: justify;\"><span style=\"font-family: verdana,geneva;\"><strong>Basen Kompleksu Sportowego &#8222;Micha\u0142&#8221;<br \/>\nSiemianowice- Micha\u0142kowice ul. E. Orzeszkowej 1<\/p>\n<p><\/strong><\/span><span style=\"font-family: verdana,geneva;\">&#8211; Wymiary\u00a0\u00a0\u00a0\u00a0\u00a0\u00a0\u00a0\u00a0\u00a0\u00a0\u00a0\u00a0\u00a0\u00a0\u00a0 \u00a025 m x 12,5 m<\/span><br \/>\n<span style=\"font-family: verdana,geneva;\"> &#8211; G\u0142\u0119boko\u015b\u0107\u00a0\u00a0\u00a0\u00a0\u00a0\u00a0\u00a0\u00a0\u00a0\u00a0\u00a0\u00a0\u00a0 \u00a01,2 m do 1,8 m<\/span><br \/>\n<span style=\"font-family: verdana,geneva;\"> &#8211; Ilo\u015b\u0107 tor\u00f3w\u00a0\u00a0\u00a0\u00a0\u00a0\u00a0\u00a0\u00a0\u00a0\u00a0\u00a0 \u00a0 6<\/span><br \/>\n<span style=\"font-family: verdana,geneva;\"> &#8211; Temperatura wody\u00a0 \u00a028 stopni C<\/span><\/p>\n<p style=\"text-align: justify;\"><img loading=\"lazy\" decoding=\"async\" class=\"alignleft size-full wp-image-229\" src=\"https:\/\/megaplywanie.pl\/wp-content\/uploads\/2015\/12\/Micha\u253c\u00e9-6-2.jpg\" alt=\"Micha\u253c\u00e9 6 (2)\" width=\"3552\" height=\"2000\" srcset=\"https:\/\/megaplywanie.pl\/wp-content\/uploads\/2015\/12\/Micha\u253c\u00e9-6-2.jpg 3552w, https:\/\/megaplywanie.pl\/wp-content\/uploads\/2015\/12\/Micha\u253c\u00e9-6-2-300x169.jpg 300w, https:\/\/megaplywanie.pl\/wp-content\/uploads\/2015\/12\/Micha\u253c\u00e9-6-2-768x432.jpg 768w, https:\/\/megaplywanie.pl\/wp-content\/uploads\/2015\/12\/Micha\u253c\u00e9-6-2-1024x577.jpg 1024w\" sizes=\"auto, (max-width: 3552px) 100vw, 3552px\" \/> <img loading=\"lazy\" decoding=\"async\" class=\"alignleft size-full wp-image-228\" src=\"https:\/\/megaplywanie.pl\/wp-content\/uploads\/2015\/12\/Micha\u253c\u00e9-4.jpg\" alt=\"Micha\u253c\u00e9 4\" width=\"3552\" height=\"2000\" srcset=\"https:\/\/megaplywanie.pl\/wp-content\/uploads\/2015\/12\/Micha\u253c\u00e9-4.jpg 3552w, https:\/\/megaplywanie.pl\/wp-content\/uploads\/2015\/12\/Micha\u253c\u00e9-4-300x169.jpg 300w, https:\/\/megaplywanie.pl\/wp-content\/uploads\/2015\/12\/Micha\u253c\u00e9-4-768x432.jpg 768w, https:\/\/megaplywanie.pl\/wp-content\/uploads\/2015\/12\/Micha\u253c\u00e9-4-1024x577.jpg 1024w\" sizes=\"auto, (max-width: 3552px) 100vw, 3552px\" \/><\/p>\n","protected":false},"excerpt":{"rendered":"<p>Basen Miejski Siemianowice- Centrum ul. J. \u015aniadeckiego 11 &#8211; Wymiary\u00a0\u00a0\u00a0\u00a0\u00a0\u00a0\u00a0\u00a0\u00a0\u00a0\u00a0\u00a0\u00a0\u00a0\u00a0\u00a0 25 m x 9 m &#8211; G\u0142\u0119boko\u015b\u0107\u00a0\u00a0\u00a0\u00a0\u00a0\u00a0\u00a0\u00a0\u00a0\u00a0\u00a0\u00a0\u00a0\u00a0 1,1 m do 2,5 m &#8211; Ilo\u015b\u0107 tor\u00f3w\u00a0\u00a0\u00a0\u00a0\u00a0\u00a0\u00a0\u00a0\u00a0\u00a0\u00a0\u00a0\u00a0 4 &#8211; Temperatura wody\u00a0\u00a0 29-30 stopni C Basen Szko\u0142y Podstawowej nr 51 Katowice- Giszowiec ul. Przyjazna 7a &#8211; Wymiary\u00a0\u00a0\u00a0\u00a0\u00a0\u00a0\u00a0\u00a0\u00a0\u00a0\u00a0\u00a0\u00a0\u00a0 \u00a0 16,4 m x 8,2 m &#8211; G\u0142\u0119boko\u015b\u0107\u00a0\u00a0\u00a0\u00a0\u00a0\u00a0\u00a0\u00a0\u00a0\u00a0\u00a0\u00a0 \u00a0 1,1 m&#8230;<\/p>\n","protected":false},"author":1,"featured_media":0,"parent":0,"menu_order":0,"comment_status":"closed","ping_status":"closed","template":"","meta":{"footnotes":""},"class_list":["post-39","page","type-page","status-publish","hentry"],"_links":{"self":[{"href":"https:\/\/megaplywanie.pl\/index.php\/wp-json\/wp\/v2\/pages\/39","targetHints":{"allow":["GET"]}}],"collection":[{"href":"https:\/\/megaplywanie.pl\/index.php\/wp-json\/wp\/v2\/pages"}],"about":[{"href":"https:\/\/megaplywanie.pl\/index.php\/wp-json\/wp\/v2\/types\/page"}],"author":[{"embeddable":true,"href":"https:\/\/megaplywanie.pl\/index.php\/wp-json\/wp\/v2\/users\/1"}],"replies":[{"embeddable":true,"href":"https:\/\/megaplywanie.pl\/index.php\/wp-json\/wp\/v2\/comments?post=39"}],"version-history":[{"count":41,"href":"https:\/\/megaplywanie.pl\/index.php\/wp-json\/wp\/v2\/pages\/39\/revisions"}],"predecessor-version":[{"id":1201,"href":"https:\/\/megaplywanie.pl\/index.php\/wp-json\/wp\/v2\/pages\/39\/revisions\/1201"}],"wp:attachment":[{"href":"https:\/\/megaplywanie.pl\/index.php\/wp-json\/wp\/v2\/media?parent=39"}],"curies":[{"name":"wp","href":"https:\/\/api.w.org\/{rel}","templated":true}]}}