{"id":35,"date":"2015-12-18T18:17:35","date_gmt":"2015-12-18T17:17:35","guid":{"rendered":"http:\/\/n.megaplywanie.pl\/?page_id=35"},"modified":"2026-04-12T19:24:32","modified_gmt":"2026-04-12T17:24:32","slug":"home","status":"publish","type":"page","link":"https:\/\/megaplywanie.pl\/","title":{"rendered":"HOME"},"content":{"rendered":"<h1><a href=\"https:\/\/megaplywanie.pl\/wp-content\/uploads\/2026\/03\/GISZ-AWARIIAAAAA-2.pdf\" target=\"_blank\" rel=\"noopener\"><span style=\"color: #ff0000;\"><strong>NOWE INFORMACJE DLA KLIENT\u00d3W Z GISZOWCA 20.03.2026 (KLIKNIJ)<\/strong><\/span><\/a><\/h1>\n<h1><a href=\"https:\/\/megaplywanie.pl\/wp-content\/uploads\/2026\/03\/GISZ-AWARIAAAAA-2.pdf\" target=\"_blank\" rel=\"noopener\"><span style=\"color: #ff0000;\"><strong>NOWE INFORMACJE DLA KLIENT\u00d3W Z GISZOWCA 16.03.2026 (KLIKNIJ) <\/strong><\/span><\/a><\/h1>\n<h1><a href=\"https:\/\/megaplywanie.pl\/wp-content\/uploads\/2026\/03\/gisz-awaria-2-03-2026.pdf\" target=\"_blank\" rel=\"noopener\"><span style=\"color: #ff0000;\"><strong>NOWE INFORMACJE DLA KLIENT\u00d3W Z GISZOWCA 02.03.2026 (KLIKNIJ)<\/strong><\/span><\/a><\/h1>\n<h1><span style=\"color: #ff0000;\"><a style=\"color: #ff0000;\" href=\"https:\/\/megaplywanie.pl\/wp-content\/uploads\/2026\/02\/GISZ-AWARIAAA-2.pdf\" target=\"_blank\" rel=\"noopener\"><strong>NOWE INFORMACJE DLA KLIENT\u00d3W Z GISZOWCA 02.02.2026 (KLIKNIJ)<\/strong><\/a><\/span><\/h1>\n<h1><a href=\"https:\/\/megaplywanie.pl\/wp-content\/uploads\/2026\/01\/MEGA_folder_lato-2026-1.pdf\" target=\"_blank\" rel=\"noopener\"><strong><span style=\"color: #0000ff;\">MEGA SWIM CAMP &#8211; USTRONIE MORSKIE 2026 &#8211; OFERTA<\/span><\/strong><\/a><\/h1>\n<h1><strong><a href=\"https:\/\/megaplywanie.pl\/wp-content\/uploads\/2026\/01\/TERMINY-OBOZOW-LATO-2026.pdf\" target=\"_blank\" rel=\"noopener\"><span style=\"color: #0000ff;\">MEGA OB\u00d3Z USTRONIE MORSKIE 2026 (KLIKNIJ)<\/span><\/a><\/strong><\/h1>\n<h1><strong><a href=\"https:\/\/megaplywanie.pl\/wp-content\/uploads\/2026\/01\/GISZ-AWARIAA-2.pdf\" target=\"_blank\" rel=\"noopener\"><span style=\"color: #ff0000;\">NOWE INFORMACJE DLA KLIENT\u00d3W Z GISZOWCA 06.01.2026 (KLIKNIJ)<\/span><\/a><\/strong><\/h1>\n<h1><strong><span style=\"color: #0000ff;\">Informacja dla klient\u00f3w KS MICHA\u0141 (sobota i niedziela)<\/span><\/strong><\/h1>\n<h1><a href=\"https:\/\/megaplywanie.pl\/wp-content\/uploads\/2025\/09\/gisz_awaria_wrzesien_2025.pdf\" target=\"_blank\" rel=\"noopener\"><span style=\"color: #ff0000;\"><strong>UWAGA!!! AWARIA BASENU NA GISZOWCU DO ODWO\u0141ANIA (KLIKNIJ)<\/strong><\/span><\/a><\/h1>\n\n\n<p><span style=\"color: #00ff00; font-family: verdana,geneva;\"><strong><a style=\"color: #00ff00;\" rel=\"noopener noreferrer\" href=\"https:\/\/youtu.be\/TCSSDTHLRDI\" target=\"_blank\">&#8222;Poraj 2015 Bike camp&#8221; na YouTube (KLIKNIJ)<\/a><br><\/strong><\/span><a style=\"color: #00ff00; font-family: verdana,geneva;\" rel=\"noopener noreferrer\" href=\"https:\/\/www.facebook.com\/Poraj-oboz-rowerowy-189906701540545\/\" target=\"_blank\"><strong>JESTE\u015aMY NA FACEBOOK&#8217;u (KLIKNIJ)<\/strong><\/a><\/p>\n\n\n\n<p><span style=\"font-family: verdana,geneva;\"><span style=\"color: #000000;\"><span lang=\"P\"><span lang=\"P\"><span lang=\"P\"><a style=\"color: #000000;\" href=\"https:\/\/megaplywanie.pl\/images\/komunikat1.pdf\" target=\"_blank\" rel=\"noopener noreferrer\">KOMUNIKAT 1 (KLIKNIJ TUTAJ)<\/a><\/span><\/span><\/span><\/span><\/span><\/p>\n\n\n<div class=\"wp-block-image\">\n<figure class=\"aligncenter\"><img loading=\"lazy\" decoding=\"async\" width=\"2288\" height=\"1712\" src=\"http:\/\/n.megaplywanie.pl\/wp-content\/uploads\/2015\/12\/chlopiec-1.jpg\" alt=\"chlopiec\" class=\"wp-image-110\" srcset=\"https:\/\/megaplywanie.pl\/wp-content\/uploads\/2015\/12\/chlopiec-1.jpg 2288w, https:\/\/megaplywanie.pl\/wp-content\/uploads\/2015\/12\/chlopiec-1-300x224.jpg 300w, https:\/\/megaplywanie.pl\/wp-content\/uploads\/2015\/12\/chlopiec-1-768x575.jpg 768w, https:\/\/megaplywanie.pl\/wp-content\/uploads\/2015\/12\/chlopiec-1-1024x766.jpg 1024w\" sizes=\"auto, (max-width: 2288px) 100vw, 2288px\" \/><\/figure>\n<\/div>\n\n<div class=\"wp-block-image\">\n<figure class=\"aligncenter\"><img loading=\"lazy\" decoding=\"async\" width=\"2048\" height=\"1536\" src=\"http:\/\/n.megaplywanie.pl\/wp-content\/uploads\/2015\/12\/P1070230.jpg\" alt=\"P1070230\" class=\"wp-image-183\" srcset=\"https:\/\/megaplywanie.pl\/wp-content\/uploads\/2015\/12\/P1070230.jpg 2048w, https:\/\/megaplywanie.pl\/wp-content\/uploads\/2015\/12\/P1070230-300x225.jpg 300w, https:\/\/megaplywanie.pl\/wp-content\/uploads\/2015\/12\/P1070230-768x576.jpg 768w, https:\/\/megaplywanie.pl\/wp-content\/uploads\/2015\/12\/P1070230-1024x768.jpg 1024w, https:\/\/megaplywanie.pl\/wp-content\/uploads\/2015\/12\/P1070230-624x468.jpg 624w\" sizes=\"auto, (max-width: 2048px) 100vw, 2048px\" \/><\/figure>\n<\/div>\n\n<div class=\"wp-block-image\">\n<figure class=\"aligncenter\"><img loading=\"lazy\" decoding=\"async\" width=\"1828\" height=\"1371\" src=\"http:\/\/n.megaplywanie.pl\/wp-content\/uploads\/2015\/12\/oboz.jpg\" alt=\"oboz\" class=\"wp-image-186\" srcset=\"https:\/\/megaplywanie.pl\/wp-content\/uploads\/2015\/12\/oboz.jpg 1828w, https:\/\/megaplywanie.pl\/wp-content\/uploads\/2015\/12\/oboz-300x225.jpg 300w, https:\/\/megaplywanie.pl\/wp-content\/uploads\/2015\/12\/oboz-768x576.jpg 768w, https:\/\/megaplywanie.pl\/wp-content\/uploads\/2015\/12\/oboz-1024x768.jpg 1024w, https:\/\/megaplywanie.pl\/wp-content\/uploads\/2015\/12\/oboz-624x468.jpg 624w\" sizes=\"auto, (max-width: 1828px) 100vw, 1828px\" \/><\/figure>\n<\/div>\n\n<div class=\"wp-block-image\">\n<figure class=\"aligncenter\"><img loading=\"lazy\" decoding=\"async\" width=\"794\" height=\"563\" src=\"http:\/\/n.megaplywanie.pl\/wp-content\/uploads\/2015\/12\/kdi1702.jpg\" alt=\"kdi1702\" class=\"wp-image-181\" srcset=\"https:\/\/megaplywanie.pl\/wp-content\/uploads\/2015\/12\/kdi1702.jpg 794w, https:\/\/megaplywanie.pl\/wp-content\/uploads\/2015\/12\/kdi1702-300x213.jpg 300w, https:\/\/megaplywanie.pl\/wp-content\/uploads\/2015\/12\/kdi1702-768x545.jpg 768w, https:\/\/megaplywanie.pl\/wp-content\/uploads\/2015\/12\/kdi1702-624x442.jpg 624w\" sizes=\"auto, (max-width: 794px) 100vw, 794px\" \/><\/figure>\n<\/div>\n\n<div class=\"wp-block-image\">\n<figure class=\"aligncenter\"><img loading=\"lazy\" decoding=\"async\" width=\"794\" height=\"563\" src=\"http:\/\/n.megaplywanie.pl\/wp-content\/uploads\/2015\/12\/kdi1701.jpg\" alt=\"kdi1701\" class=\"wp-image-180\" srcset=\"https:\/\/megaplywanie.pl\/wp-content\/uploads\/2015\/12\/kdi1701.jpg 794w, https:\/\/megaplywanie.pl\/wp-content\/uploads\/2015\/12\/kdi1701-300x213.jpg 300w, https:\/\/megaplywanie.pl\/wp-content\/uploads\/2015\/12\/kdi1701-768x545.jpg 768w, https:\/\/megaplywanie.pl\/wp-content\/uploads\/2015\/12\/kdi1701-624x442.jpg 624w\" sizes=\"auto, (max-width: 794px) 100vw, 794px\" \/><\/figure>\n<\/div>\n\n\n<p><span style=\"font-family: verdana,geneva;\"><a href=\"https:\/\/megaplywanie.pl\/wp-admin\"><span style=\"color: #000000;\">Zaloguj si\u0119<\/span><\/a><\/span><\/p>\n","protected":false},"excerpt":{"rendered":"<p>NOWE INFORMACJE DLA KLIENT\u00d3W Z GISZOWCA 20.03.2026 (KLIKNIJ) NOWE INFORMACJE DLA KLIENT\u00d3W Z GISZOWCA 16.03.2026 (KLIKNIJ) NOWE INFORMACJE DLA KLIENT\u00d3W Z GISZOWCA 02.03.2026 (KLIKNIJ) NOWE INFORMACJE DLA KLIENT\u00d3W Z GISZOWCA 02.02.2026 (KLIKNIJ) MEGA SWIM CAMP &#8211; USTRONIE MORSKIE 2026 &#8211; OFERTA MEGA OB\u00d3Z USTRONIE MORSKIE 2026 (KLIKNIJ) NOWE INFORMACJE DLA KLIENT\u00d3W Z GISZOWCA 06.01.2026 (KLIKNIJ)&#8230;<\/p>\n","protected":false},"author":1,"featured_media":0,"parent":0,"menu_order":0,"comment_status":"closed","ping_status":"closed","template":"","meta":{"footnotes":""},"class_list":["post-35","page","type-page","status-publish","hentry"],"_links":{"self":[{"href":"https:\/\/megaplywanie.pl\/index.php\/wp-json\/wp\/v2\/pages\/35","targetHints":{"allow":["GET"]}}],"collection":[{"href":"https:\/\/megaplywanie.pl\/index.php\/wp-json\/wp\/v2\/pages"}],"about":[{"href":"https:\/\/megaplywanie.pl\/index.php\/wp-json\/wp\/v2\/types\/page"}],"author":[{"embeddable":true,"href":"https:\/\/megaplywanie.pl\/index.php\/wp-json\/wp\/v2\/users\/1"}],"replies":[{"embeddable":true,"href":"https:\/\/megaplywanie.pl\/index.php\/wp-json\/wp\/v2\/comments?post=35"}],"version-history":[{"count":470,"href":"https:\/\/megaplywanie.pl\/index.php\/wp-json\/wp\/v2\/pages\/35\/revisions"}],"predecessor-version":[{"id":1566,"href":"https:\/\/megaplywanie.pl\/index.php\/wp-json\/wp\/v2\/pages\/35\/revisions\/1566"}],"wp:attachment":[{"href":"https:\/\/megaplywanie.pl\/index.php\/wp-json\/wp\/v2\/media?parent=35"}],"curies":[{"name":"wp","href":"https:\/\/api.w.org\/{rel}","templated":true}]}}